(d)?
2
Let h(k) = -k**2 + 7*k + 13. Let z(w) = -w**3 - 16*w**2 + 15*w - 27. Let x be z(-17). Give h(x).
13
Let o(b) = -8 + 7 - 46*b**2 + 14*b + 6 + 57*b**2 - b**3. What is o(12)?
29
Let b(s) be the first derivative of -s**6/20 - 21*s**2 - 24. Let d(v) be the second derivative of b(v). What is d(-1)?
6
Suppose 0 = 5*c - 63 - 2. Let t = -8 + c. Let a(v) = -3*v - t + 2 + 2*v + 3*v. Determine a(2).
1
Let o be (2 - (8 - 3)) + 3. Let d(k) = 2*k**2 - 4. What is d(o)?
-4
Let c(t) be the second derivative of -t**2 + t + 0 - 7/6*t**3 - 1/12*t**4. Let b be (-369)/(-75) - 5 - 246*4/200. Give c(b).
8
Let a(j) = -3*j + 16*j - 30 - 11*j. Determine a(13).
-4
Let m(p) = 13*p + 3. Let k be 3 + (-18)/4 - (-27)/6. Determine m(k).
42
Let u(q) = q**3 - q + 8. Let s(h) = h**2 - 6*h + 8. Let r = 33 + -29. Let f be s(r). Determine u(f).
8
Suppose 3*f + 0*s + 5*s + 56 = 0, 0 = -5*s + 10. Let g = f - -25. Let b(j) = 17 - 17 - j - j**g - 6*j**2. Determine b(-6).
6
Let m(y) = 3*y. Let c be 2/6 - 518/(-111). Calculate m(c).
15
Let f = 32 - 32. Suppose f = n - 5*r - 1, r + r - 86 = -5*n. Let x = 14 - n. Let b(i) = -2*i + 2. Calculate b(x).
6
Let z = -45 + 58. Let n(c) = -16*c**2 + z*c**2 + 7*c**2 - 1. Calculate n(-1).
3
Let v(i) be the third derivative of i**4/24 + i**3/6 - 94*i**2. Let u(g) = -4*g - 3. Let o be u(-3). Give v(o).
10
Let a = -10 - 0. Let w be (-36)/a + (-12)/(-30). Suppose -w - 5 = 3*r. Let o(b) = b - 4. Give o(r).
-7
Let l(q) be the first derivative of -q**4/4 - 4*q**3/3 - q**2/2 + 3*q - 2. Determine l(-4).
7
Let j = -1248 + 1255. Let y(l) = -l**3 + 8*l**2 - 4*l - 17. Give y(j).
4
Suppose 2378*l - 2375*l = 0. Let g(t) = 2*t - 2. Determine g(l).
-2
Let x(a) = 7*a + 4. Let n be x(-2). Let q(d) = -2*d - 26. What is q(n)?
-6
Suppose 74*w = 72*w + 12. Let a(q) = 2. Suppose -p + 1 = -0*p. Let v(c) = -c - 1. Let m(u) = p*a(u) + v(u). What is m(w)?
-5
Let x(g) = -g - 8. Suppose -5*o = -4*n + 31, o + 0*n - n = -7. Let a(q) = 2*q + 6. Let b be a(o). Determine x(b).
-8
Let t(i) be the third derivative of i**8/6720 + i**7/1260 - i**6/180 - i**5/60 - i**4/3 - 2*i**2. Let x(h) be the second derivative of t(h). Calculate x(-3).
1
Let o(x) = -3*x - 3 + 0 + x - 3*x + 2. Calculate o(-6).
29
Let z(b) = b**3 - 12*b**2 - 11*b - 19. Suppose -2*h - 42 = -4*d, 15*d = 12*d - 2*h + 49. What is z(d)?
7
Let t(g) = g**3 + 7*g**2 + 10*g - 2. Let y be t(-5). Let b(o) = 5*o + 4. Let f(a) = -1. Let r(w) = b(w) + 4*f(w). Calculate r(y).
-10
Let a(g) be the second derivative of -g**5/5 - g**2/2 + 24*g. Let c = -4 + 8. Suppose -c = o + 3*o. Calculate a(o).
3
Let f(j) = j**2 - 10*j + 9. Let y be ((-8)/3)/((-9)/27). Give f(y).
-7
Let x(y) be the third derivative of -y**7/420 + y**6/120 - y**5/60 + y**4/24 + y**3/6 + 4*y**2. Let p(a) be the first derivative of x(a). Give p(2).
-7
Let v(f) = 2*f**2 - 2*f - 6. Let o be v(0). Let r(p) = 4*p**2 + p + 11. Let q(d) = d**2 + d + 1. Let m(g) = -5*q(g) + r(g). Give m(o).
-6
Let q(n) = -n**3 - 40*n**2 + 6*n + 246. Let l be q(-40). Let k(m) = 3*m - 25. Determine k(l).
-7
Let z(n) = n + 9 + 0*n + 12. Let v be z(-17). Let o(k) = 6*k**3 + 2*k**2 + k - 2. Let x(s) = s**3 + s**2 + s - 1. Let r(l) = o(l) - 5*x(l). Give r(v).
3
Let c(m) = 49*m + 590. Let d be c(-12). Let f(u) = 2*u**3 + 3*u**2 - u - 1. Determine f(d).
25
Let k(v) = -v**3 - 4*v**2 + 2*v + 2. Let q be (-5)/(180/(-1864)) - (-12)/54. Suppose -3*p + q = -16*p. Determine k(p).
-6
Suppose 4*a - 8 = 3*q, -4*q - 10 = -7*a + 2*a. Suppose q = -54*o + 55*o + 4. Let l(x) = x**3 + 4*x**2 - 3*x - 5. Calculate l(o).
7
Let s be ((-32)/6)/((-10)/15). Suppose -11*q + s = -7*q. Let l(u) = -5*u + 1. Determine l(q).
-9
Let f = -68 - -74. Let g(p) = p + 5. Determine g(f).
11
Suppose 0*k + 5*k - 15 = 0. Let h(z) = k - 3 - 2 + 3 + 6*z. Give h(-1).
-5
Let v(t) = -t + 1. Suppose 0 = -227*h + 215*h. Determine v(h).
1
Let y(r) = r**2 + 4*r - 3. Let l(h) = 10*h - h**3 + 0*h**2 + 2*h**2 + 1 - 8*h - h. Let t be l(2). What is y(t)?
18
Suppose 0 = 12*s - 11*s - 22. Suppose 0 = 3*o + 4*f - 17, 4*o + 5*f = -0*f + s. Let l(h) = -h**3 - 2 - 2*h + 4*h**2 + 2*h - 3*h. Give l(o).
-2
Let b(o) = -18*o - 45 + 125 - 42 - 40. What is b(-2)?
34
Suppose 0*o - 4*d = -o + 58, 4*d = -8. Let m be (-54)/(-10) - (-30)/o. Let c = 9 - m. Let q(i) = 2*i**2 - i - 2. Give q(c).
13
Let f(g) = -2005 - 2012 - 2*g + 4010. Calculate f(5).
-17
Let b be 2 + 1 + (-1)/((-4)/(-24)). Let t(n) be the second derivative of -2*n - 1/4*n**4 - 1/20*n**5 + 1/6*n**3 + 0 + n**2. Determine t(b).
-1
Let o(g) be the first derivative of -g**4/4 + 2*g**3 + 2*g**2 - 2*g - 26. Calculate o(6).
22
Let y(l) = 122 - 2*l - 64 - 63. Calculate y(-3).
1
Let x(z) = 5*z - 32 + 64 - 34 + 5*z. Determine x(3).
28
Suppose 0 = -9*m + 78 + 64 - 169. Let c(u) = -5*u**2 - 2*u - 6. Let n(a) = 9*a**2 + 5*a + 11. Let q(h) = -5*c(h) - 3*n(h). What is q(m)?
-6
Let m(y) = -y**2 - 14*y + 17. Suppose -156 = 8*k - 52. Give m(k).
30
Let l = 72 + -70. Suppose 16 = -4*x + 2*b - l, -3*b = -15. Let v(r) = 2*r**2 + 2*r + 2. Give v(x).
6
Suppose -s - 4 = -2*p + 3*s, 2*s + 22 = -4*p. Let w(q) = -2*q**2 - 5*q - 3. Determine w(p).
-15
Let d be 273/9 + (-6)/(-9). Let t = d + -28. Let c(j) = -j**3 + 2*j**2 + 3*j - 3. Determine c(t).
-3
Suppose 10*g - 12*g + 2 = 0. Let f(y) = 5*y - 5 + 6 + g + y**2 - 1. Let n be (-8 - 2)*(-1)/(-2). Calculate f(n).
1
Let y be (-2 - (-2)/2)*0. Let a(s) = y*s - s - 2 + 1 + 7*s**2. Let o = -61 + 60. What is a(o)?
7
Let v(k) = k - 4. Let o be v(3). Let u be 0 - o*(1 - -1). Let b(r) = 4*r**2 - 1 - 6*r**u - 3*r**2 + 0*r**2. Calculate b(-1).
-6
Suppose 0 = o + 5*n + 20, -4*o + 8 = -0*o - 2*n. Let m(f) = -f**3 + f**2 - f - 6. Give m(o).
-6
Let g(d) = -d**3 + 10*d**2 - 20*d - 4. Let p(j) = j**3 - 11*j**2 + 24*j + 5. Let t(f) = 4*g(f) + 3*p(f). Give t(4).
15
Let y be (22 + 2/(-2))*6/18. Let m(h) = 3*h + 7. What is m(y)?
28
Let p(u) = -4*u + 1. Let y(a) be the second derivative of -17*a**3/6 + 5*a**2/2 + a. Let o(v) = 9*p(v) - 2*y(v). Let h = -928 - -925. What is o(h)?
5
Let z(a) = 9*a**3 - 2*a**3 - a**3 - 6*a**3 - 9*a + 8*a**2 + a**3 - 3. Give z(-9).
-3
Let h(j) = -3*j - 1. Suppose -3*l + 3*f + 430 = l, 4*l - 2*f - 428 = 0. Let q = 105 - l. Calculate h(q).
2
Let o(r) be the second derivative of r**6/720 + r**5/20 - 5*r**4/12 + 24*r. Let p(t) be the third derivative of o(t). Calculate p(-9).
-3
Let c = -8 - -10. Let i = 1 + 1. Let t(g) = -g - i + 5*g - 4*g + 2*g**2. Calculate t(c).
6
Let j = 6 + -11. Suppose 0 = -4*h - 5*r, -h - 4*r - r = 15. Let q(y) = -5*y - 6. Let b(s) = 6*s + 6. Let k(z) = h*q(z) + 4*b(z). Calculate k(j).
-1
Let h(n) = -n**2 + 3. Let l(v) = -5*v + 5. Let w be l(-7). Let b be (-16)/w - 3/5. Let k = b + -3. Determine h(k).
-13
Let c(r) = -r**3 + 7*r**2 - 7*r + 7. Let x be c(6). Suppose 0 = -l + x - 4. Let u(n) = -3*n**2 - 3*n - 1. Calculate u(l).
-19
Let d(t) = 4*t**2 - 5*t**3 + 4*t**3 + 34 - 40 + 2*t + 5*t. What is d(4)?
22
Let s be (60/(-25))/(10/25). Let w(l) = l**2 + 2*l - 1. Give w(s).
23
Let z = 20 + -22. Let n(s) = 30*s**2 + 11*s - 2. Let i(m) = -16*m**2 - 6*m + 1. Let a(v) = -11*i(v) - 6*n(v). Give a(z).
-15
Let v(b) = -5*b**3 - b**2 + b. Let c be (-20 - -25)/(-1*1). Let q = c + 6. What is v(q)?
-5
Let z(c) be the third derivative of c**5/30 + 2*c**4/3 + 3*c**3/2 - c**2. Let n(m) = 4 + m**2 + 8*m - 1 + 1. Let i(s) = -5*n(s) + 3*z(s). What is i(-7)?
0
Suppose -4*l + 5*l + 1 = -3*m, -5*m = -2*l + 9. Let h(u) = u - 46 + 46 + u**l + u. What is h(-1)?
-1
Let g(d) = -d**3 - 2. Let l(f) = 3*f**3 - f**2 + f + 6. Let q(r) = 8*g(r) + 3*l(r). Give q(4).
30
Suppose -2*c - 2*r - 10 = r, r = -4*c. Let d(o) = c + 2*o - 4*o - o - o**2. Let n = 1194 + -1198. Determine d(n).
-3
Let m be (-1)/(-1 - 0) - 0. Let q(o) = 2*o + 0 - 10*o**3 + m - o. Let x(l) = l**2 - l - 13. Let r be x(4). What is q(r)?
10
Suppose 0*r - r = -4*c + 6, -5*r = -10. Let a(i) = 7*i**2 + 0*i**3 - i**3 - 8*i**c + 12 - 4. Let l = 5 - 5. Calculate a(l).
8
Let l(b) = -4*b - 16. Let y be 1 + (1 + 0)*-5. What is l(y)?
0
Let i(x) be the second derivative of -x**4/12 - 7*x**3/6 - 7*x**2 + 15*x - 27. Give i(-6).
-8
Let h be -4*(0 + (-9)/12). Suppose 7*o - h*o + 4*c = 0, 5*c = -3*o - 8. Suppose o*y = 5*y + 6. Let z(u) = 3*u + 7. Give z(y).
-11
Let a(v) be the third derivative of -v**6/120 + v**5/12 - v**4/4 + 2*v**3/3 + 11*